{"id":25046,"date":"2022-06-27T14:11:32","date_gmt":"2022-06-27T12:11:32","guid":{"rendered":"http:\/\/172.20.100.6\/?page_id=25046"},"modified":"2025-12-04T21:58:15","modified_gmt":"2025-12-04T20:58:15","slug":"vwa","status":"publish","type":"page","link":"https:\/\/www.ahs-zirkusgasse.at\/index.php\/vwa\/","title":{"rendered":"ABA"},"content":{"rendered":"<p>[et_pb_section fb_built=&#8220;1&#8243; fullwidth=&#8220;on&#8220; _builder_version=&#8220;4.17.4&#8243; _module_preset=&#8220;default&#8220; background_image=&#8220;https:\/\/www.ahs-zirkusgasse.at\/wp-content\/uploads\/2022\/06\/pexels-olia-danilevich-4974914.jpg&#8220; da_disable_devices=&#8220;off|off|off&#8220; global_colors_info=&#8220;{}&#8220; da_is_popup=&#8220;off&#8220; da_exit_intent=&#8220;off&#8220; da_has_close=&#8220;on&#8220; da_alt_close=&#8220;off&#8220; da_dark_close=&#8220;off&#8220; da_not_modal=&#8220;on&#8220; da_is_singular=&#8220;off&#8220; da_with_loader=&#8220;off&#8220; da_has_shadow=&#8220;on&#8220;][et_pb_fullwidth_header title=&#8220;Vorwissenschaftliche Arbeit&#8220; _builder_version=&#8220;4.17.4&#8243; _module_preset=&#8220;default&#8220; background_color=&#8220;rgba(12,113,195,0.7)&#8220; global_colors_info=&#8220;{}&#8220;]<\/p>\n<p>Ablauf, Tipps und Vereinbarungen<\/p>\n<p>[\/et_pb_fullwidth_header][\/et_pb_section][et_pb_section fb_built=&#8220;1&#8243; _builder_version=&#8220;4.17.4&#8243; _module_preset=&#8220;default&#8220; da_disable_devices=&#8220;off|off|off&#8220; global_colors_info=&#8220;{}&#8220; da_is_popup=&#8220;off&#8220; da_exit_intent=&#8220;off&#8220; da_has_close=&#8220;on&#8220; da_alt_close=&#8220;off&#8220; da_dark_close=&#8220;off&#8220; da_not_modal=&#8220;on&#8220; da_is_singular=&#8220;off&#8220; da_with_loader=&#8220;off&#8220; da_has_shadow=&#8220;on&#8220;][et_pb_row _builder_version=&#8220;4.17.4&#8243; _module_preset=&#8220;default&#8220; global_colors_info=&#8220;{}&#8220;][et_pb_column type=&#8220;4_4&#8243; _builder_version=&#8220;4.17.4&#8243; _module_preset=&#8220;default&#8220; global_colors_info=&#8220;{}&#8220;][dsm_content_timeline dsm_responsive_style=&#8220;left&#8220; dsm_card_arrow=&#8220;on&#8220; dsm_tree_animation=&#8220;on&#8220; dsm_pointer_bg_color=&#8220;#bfc0c1&#8243; dsm_pointer_active_bg_color=&#8220;#0C71C3&#8243; dsm_pointer_icon_color=&#8220;#0C71C3&#8243; dsm_pointer_active_icon_color=&#8220;#FFFFFF&#8220; dsm_tree_bg_color=&#8220;#d3d3d3&#8243; dsm_tree_active_bg_color=&#8220;#0C71C3&#8243; _builder_version=&#8220;4.27.4&#8243; _module_preset=&#8220;default&#8220; hover_enabled=&#8220;0&#8243; box_shadow_style_card_shadow=&#8220;preset3&#8243; global_colors_info=&#8220;{}&#8220; sticky_enabled=&#8220;0&#8243;][dsm_content_timeline_child dsm_use_icon=&#8220;on&#8220; font_icon=&#8220;&#x77;||divi||400&#8243; dsm_title=&#8220;ABA-Sprechtag f\u00fcr Sch\u00fcler*innen&#8220; dsm_content=&#8220;<\/p>\n<p>Im Bedarfsfall findet. einABA-Sprechtag statt. Im Regelfall stellen die Sch\u00fcler*innen selbst Kontakt mit ihrer Wunschbetreuerin bzw. ihrem Wunschbetreuer her.<\/p>\n<p>Folgendes Formular soll f\u00fcr die Wunschbetreuer*innen einen \u00dcberblick bzw. Entwurf \u00fcber die Erwartungen zur ABA gew\u00e4hrleisten.<\/p>\n<p>&#8220; dsm_use_pointer_element=&#8220;on&#8220; dsm_point_font_icon=&#8220;&#x5a;||divi||400&#8243; button_text=&#8220;ABA Erstantrag&#8220; button_url=&#8220;https:\/\/www.ahs-zirkusgasse.at\/wp-content\/uploads\/2025\/12\/AntragABAVorlage.docx&#8220; button_url_new_window=&#8220;on&#8220; _builder_version=&#8220;4.27.4&#8243; _module_preset=&#8220;default&#8220; background_enable_color=&#8220;off&#8220; custom_button=&#8220;on&#8220; button_text_color=&#8220;#0C71C3&#8243; button_border_radius=&#8220;100px&#8220; button_icon=&#8220;&#x3d;||divi||400&#8243; sticky_position=&#8220;none&#8220; scroll_fade_enable=&#8220;on&#8220; hover_enabled=&#8220;0&#8243; global_colors_info=&#8220;{}&#8220; parent_header_level=&#8220;h4&#8243; sticky_enabled=&#8220;0&#8243;][\/dsm_content_timeline_child][dsm_content_timeline_child dsm_use_icon=&#8220;on&#8220; font_icon=&#8220;&#xf298;||fa||400&#8243; dsm_title=&#8220;Abgabe der ABA Erstantr\u00e4ge&#8220; dsm_content=&#8220;<\/p>\n<p>14. J\u00e4n. 2026<\/p>\n<p>KVs bekommen ABA Erstantr\u00e4ge. (Diese k\u00f6nnen auch schon fr\u00fcher abgegeben werden.) Wer bis zu diesem Datum kein Formular abgibt, wird bei der ersten Kontrollphase nicht ber\u00fccksichtigt.<\/p>\n<p>&#8220; dsm_use_pointer_element=&#8220;on&#8220; dsm_point_font_icon=&#8220;&#x5a;||divi||400&#8243; _builder_version=&#8220;4.27.4&#8243; _module_preset=&#8220;default&#8220; scroll_scaling_enable=&#8220;on&#8220; hover_enabled=&#8220;0&#8243; global_colors_info=&#8220;{}&#8220; parent_header_level=&#8220;h4&#8243; sticky_enabled=&#8220;0&#8243;][\/dsm_content_timeline_child][dsm_content_timeline_child dsm_use_icon=&#8220;on&#8220; font_icon=&#8220;&#xf4fe;||fa||900&#8243; dsm_title=&#8220;Administration erh\u00e4lt ABA-Erstantr\u00e4ge&#8220; dsm_content=&#8220;<\/p>\n<p>15. J\u00e4n. 2026, 11:00 Uhr<\/p>\n<p>Abgabetermin: Beginn der Kontrollphase Am gleichen Tag werden noch die genauen Anmeldezahlen ermittelt. Falls ein Lehrer \/ eine Lehrerin mehr als 3 Anmeldungen hat: Auswahlverfahren -&gt; Der Lehrer \/ die Lehrerin trifft Entscheidung: Welche 3 Themen kann er\/sie am besten betreuen? Die betroffenen Sch\u00fcler*innen m\u00fcssen sich einen neuen Betreuer \/ eine neue Betreuerin suchen<\/p>\n<p>&#8220; dsm_use_pointer_element=&#8220;on&#8220; dsm_point_font_icon=&#8220;&#x5a;||divi||400&#8243; _builder_version=&#8220;4.27.4&#8243; _module_preset=&#8220;default&#8220; scroll_scaling_enable=&#8220;on&#8220; hover_enabled=&#8220;0&#8243; global_colors_info=&#8220;{}&#8220; parent_header_level=&#8220;h4&#8243; sticky_enabled=&#8220;0&#8243;][\/dsm_content_timeline_child][dsm_content_timeline_child dsm_use_icon=&#8220;on&#8220; font_icon=&#8220;&#xf508;||fa||900&#8243; dsm_title=&#8220;R\u00fcckmeldung der Administration&#8220; dsm_content=&#8220;<\/p>\n<p>21. J\u00e4n. 2026<\/p>\n<p>\u00dcberbuchte Lehrer*innen geben bis zu diesem Termin bekannt, welche 3 Themen sie betreuen werden.<\/p>\n<p>&#8220; dsm_use_pointer_element=&#8220;on&#8220; dsm_point_font_icon=&#8220;&#x5a;||divi||400&#8243; _builder_version=&#8220;4.27.4&#8243; _module_preset=&#8220;default&#8220; scroll_scaling_enable=&#8220;on&#8220; hover_enabled=&#8220;0&#8243; global_colors_info=&#8220;{}&#8220; parent_header_level=&#8220;h4&#8243; sticky_enabled=&#8220;0&#8243;][\/dsm_content_timeline_child][dsm_content_timeline_child dsm_use_icon=&#8220;on&#8220; font_icon=&#8220;&#xf05e;||fa||900&#8243; dsm_title=&#8220;Bekanntgabe abgelehnter Themen&#8220; dsm_content=&#8220;<\/p>\n<p>22. J\u00e4n. 2026<\/p>\n<p>Nach der Auswahl der Lehrer*innen werden die Sch\u00fcler*innen informiert. Diese haben bis zum Ende der Kontrollphase Zeit, einen neuen Betreuer \/ eine neue Betreuerin zu finden. Kriterien: 1. Wer kann das Thema betreuen? 2. Welche dieser Lehrer*innen haben noch Pl\u00e4tze frei?<\/p>\n<p>&#8220; dsm_use_pointer_element=&#8220;on&#8220; dsm_point_font_icon=&#8220;&#x5a;||divi||400&#8243; _builder_version=&#8220;4.27.4&#8243; _module_preset=&#8220;default&#8220; scroll_scaling_enable=&#8220;on&#8220; hover_enabled=&#8220;0&#8243; global_colors_info=&#8220;{}&#8220; parent_header_level=&#8220;h4&#8243; sticky_enabled=&#8220;0&#8243;][\/dsm_content_timeline_child][dsm_content_timeline_child dsm_use_icon=&#8220;on&#8220; font_icon=&#8220;&#xf573;||fa||900&#8243; dsm_title=&#8220;Ende der Kontrollphase&#8220; dsm_content=&#8220;<\/p>\n<p>14. Feb. 2026<\/p>\n<p>1: kein Lehrer \/ keine Lehrerin mehr als 3 Sch\u00fcler*innen.<br \/>2: neue Betreuer*innen wurden gefunden.<br \/>3: fertige Liste mit ABA-Themen kann ausgeh\u00e4ngt werden<\/p>\n<p>&#8220; dsm_use_pointer_element=&#8220;on&#8220; dsm_point_font_icon=&#8220;&#x5a;||divi||400&#8243; _builder_version=&#8220;4.27.4&#8243; _module_preset=&#8220;default&#8220; scroll_scaling_enable=&#8220;on&#8220; hover_enabled=&#8220;0&#8243; global_colors_info=&#8220;{}&#8220; parent_header_level=&#8220;h4&#8243; sticky_enabled=&#8220;0&#8243;][\/dsm_content_timeline_child][\/dsm_content_timeline][dsm_text_divider header=&#8220;Weitere Termine&#8220; color=&#8220;#0C71C3&#8243; _builder_version=&#8220;4.17.4&#8243; _module_preset=&#8220;default&#8220; locked=&#8220;off&#8220; global_colors_info=&#8220;{}&#8220;][\/dsm_text_divider][dsm_content_timeline dsm_responsive_style=&#8220;left&#8220; dsm_card_arrow=&#8220;on&#8220; dsm_tree_animation=&#8220;on&#8220; dsm_pointer_bg_color=&#8220;#bfc0c1&#8243; dsm_pointer_active_bg_color=&#8220;#0C71C3&#8243; dsm_pointer_icon_color=&#8220;#0C71C3&#8243; dsm_pointer_active_icon_color=&#8220;#FFFFFF&#8220; dsm_tree_bg_color=&#8220;#d3d3d3&#8243; dsm_tree_active_bg_color=&#8220;#0C71C3&#8243; _builder_version=&#8220;4.27.4&#8243; _module_preset=&#8220;default&#8220; hover_enabled=&#8220;0&#8243; box_shadow_style_card_shadow=&#8220;preset3&#8243; global_colors_info=&#8220;{}&#8220; sticky_enabled=&#8220;0&#8243;][dsm_content_timeline_child dsm_use_icon=&#8220;on&#8220; font_icon=&#8220;&#xf46d;||fa||900&#8243; dsm_title=&#8220;VWA-Abgabetermin f\u00fcr Sch\u00fcler*innen der 8. Klasse&#8220; dsm_content=&#8220;<\/p>\n<p>Erster Freitag nach den Semesterferien<\/p>\n<p>Bis zu diesem Datum muss die fertige ABA (8. Klasse) in ABA-Datenbank hochgeladen werden. 2 ausgedruckte und gebundene Exemplare sind inklusive Beilagen bis zu diesem Datum in der Direktion abzugeben.<\/p>\n<p>&#8220; dsm_use_pointer_element=&#8220;on&#8220; dsm_point_font_icon=&#8220;&#x5a;||divi||400&#8243; _builder_version=&#8220;4.27.4&#8243; _module_preset=&#8220;default&#8220; background_enable_color=&#8220;off&#8220; sticky_position=&#8220;none&#8220; scroll_fade_enable=&#8220;on&#8220; hover_enabled=&#8220;0&#8243; global_colors_info=&#8220;{}&#8220; parent_header_level=&#8220;h4&#8243; sticky_enabled=&#8220;0&#8243;][\/dsm_content_timeline_child][dsm_content_timeline_child dsm_use_icon=&#8220;on&#8220; font_icon=&#8220;&#xf382;||fa||900&#8243; dsm_title=&#8220;Hochladen des Erwartungshorizonts (7. Klassen)&#8220; dsm_content=&#8220;<\/p>\n<p>6. M\u00e4r. 2026<\/p>\n<p>Bis zu diesem Tag ist die Einreichung des Themas auf der ABA-Datenbank abzuschlie\u00dfen.<\/p>\n<p>&#8220; dsm_use_pointer_element=&#8220;on&#8220; dsm_point_font_icon=&#8220;&#x5a;||divi||400&#8243; button_text=&#8220;ABA Datenbank&#8220; button_url=&#8220;https:\/\/aba.bildung.gv.at\/login&#8220; button_url_new_window=&#8220;on&#8220; _builder_version=&#8220;4.27.4&#8243; _module_preset=&#8220;default&#8220; custom_button=&#8220;on&#8220; button_text_color=&#8220;#0C71C3&#8243; button_border_width=&#8220;2px&#8220; button_border_radius=&#8220;100px&#8220; button_letter_spacing=&#8220;0px&#8220; button_font=&#8220;|600|||||||&#8220; button_icon=&#8220;&#x3d;||divi||400&#8243; scroll_scaling_enable=&#8220;on&#8220; hover_enabled=&#8220;0&#8243; global_colors_info=&#8220;{}&#8220; button_border_width__hover_enabled=&#8220;on|hover&#8220; button_border_width__hover=&#8220;2px&#8220; parent_header_level=&#8220;h4&#8243; sticky_enabled=&#8220;0&#8243;][\/dsm_content_timeline_child][dsm_content_timeline_child dsm_use_icon=&#8220;on&#8220; font_icon=&#8220;&#xe0f0;||divi||400&#8243; dsm_title=&#8220;Stick-Test-Tag (8. Klassen)&#8220; dsm_content=&#8220;<\/p>\n<p>Vor dem ABA-Pr\u00e4sentationstag<\/p>\n<p>An diesem Tag k\u00f6nnen die ABA-Pr\u00e4sentationen getestet werden. Es wird dringend empfohlen, diese Gelegenheit wahrzunehmen! Datum un Uhrzeit wird von den KVs mitgeteilt.<\/p>\n<p>&#8220; dsm_use_pointer_element=&#8220;on&#8220; dsm_point_font_icon=&#8220;&#x5a;||divi||400&#8243; button_url_new_window=&#8220;on&#8220; _builder_version=&#8220;4.27.4&#8243; _module_preset=&#8220;default&#8220; custom_button=&#8220;on&#8220; button_text_color=&#8220;#0C71C3&#8243; button_border_width=&#8220;2px&#8220; button_border_radius=&#8220;100px&#8220; button_letter_spacing=&#8220;0px&#8220; button_font=&#8220;|600|||||||&#8220; button_icon=&#8220;&#x3d;||divi||400&#8243; scroll_scaling_enable=&#8220;on&#8220; hover_enabled=&#8220;0&#8243; global_colors_info=&#8220;{}&#8220; button_border_width__hover_enabled=&#8220;on|hover&#8220; button_border_width__hover=&#8220;2px&#8220; parent_header_level=&#8220;h4&#8243; sticky_enabled=&#8220;0&#8243;][\/dsm_content_timeline_child][dsm_content_timeline_child dsm_use_icon=&#8220;on&#8220; font_icon=&#8220;&#xe0e9;||divi||400&#8243; dsm_title=&#8220;Pr\u00e4sentationen der VWA (8. Klassen)&#8220; dsm_content=&#8220;<\/p>\n<p>M\u00e4r. 2026<\/p>\n<p>Hier finden die Pr\u00e4sentationen der ABA der 8. Klassen im Rahmen der Matura statt.<\/p>\n<p>&#8220; dsm_use_pointer_element=&#8220;on&#8220; dsm_point_font_icon=&#8220;&#x5a;||divi||400&#8243; _builder_version=&#8220;4.27.4&#8243; _module_preset=&#8220;default&#8220; scroll_scaling_enable=&#8220;on&#8220; hover_enabled=&#8220;0&#8243; global_colors_info=&#8220;{}&#8220; parent_header_level=&#8220;h4&#8243; sticky_enabled=&#8220;0&#8243;][\/dsm_content_timeline_child][dsm_content_timeline_child dsm_use_icon=&#8220;on&#8220; font_icon=&#8220;&#xf4fc;||fa||900&#8243; dsm_title=&#8220;Best\u00e4tigung des Erwartungshorizonts (7. Klassen)&#8220; dsm_content=&#8220;<\/p>\n<p>31. M\u00e4r. 2026<\/p>\n<p>Die Themen sind von den Lehrkr\u00e4ften auf der ABA-Datenbank bis zu diesem Datum zu best\u00e4tigen. (ACHTUNG! Es handelt sich hier um eine nicht verr\u00fcckbare gesetzliche Vorgabe)<\/p>\n<p>&#8220; dsm_use_pointer_element=&#8220;on&#8220; dsm_point_font_icon=&#8220;&#x5a;||divi||400&#8243; button_text=&#8220;ABA Datenbank&#8220; button_url=&#8220;https:\/\/aba.bildung.gv.at\/login&#8220; button_url_new_window=&#8220;on&#8220; _builder_version=&#8220;4.27.4&#8243; _module_preset=&#8220;default&#8220; custom_button=&#8220;on&#8220; button_text_color=&#8220;#0C71C3&#8243; button_border_width=&#8220;2px&#8220; button_border_radius=&#8220;100px&#8220; button_font=&#8220;|600|||||||&#8220; button_icon=&#8220;&#x3d;||divi||400&#8243; scroll_scaling_enable=&#8220;on&#8220; hover_enabled=&#8220;0&#8243; global_colors_info=&#8220;{}&#8220; parent_header_level=&#8220;h4&#8243; sticky_enabled=&#8220;0&#8243;][\/dsm_content_timeline_child][\/dsm_content_timeline][\/et_pb_column][\/et_pb_row][et_pb_row _builder_version=&#8220;4.22.2&#8243; _module_preset=&#8220;default&#8220; global_colors_info=&#8220;{}&#8220;][et_pb_column type=&#8220;4_4&#8243; _builder_version=&#8220;4.22.2&#8243; _module_preset=&#8220;default&#8220; global_colors_info=&#8220;{}&#8220;][et_pb_text _builder_version=&#8220;4.22.2&#8243; _module_preset=&#8220;default&#8220; global_colors_info=&#8220;{}&#8220;]<\/p>\n<h4>Unter diesem Link findet ihr eine empfohlene Zitierweise:<\/h4>\n<p>[\/et_pb_text][et_pb_button button_url=&#8220;https:\/\/www.ahs-vwa.at\/lehrpersonen\/kompetenzaufbau\/arbeitsweisen-methoden#c2181&#8243; url_new_window=&#8220;on&#8220; button_text=&#8220;Empfohlene Zitation&#8220; _builder_version=&#8220;4.22.2&#8243; _module_preset=&#8220;default&#8220; custom_button=&#8220;on&#8220; button_text_color=&#8220;#0C71C3&#8243; button_border_width=&#8220;2px&#8220; button_border_radius=&#8220;100px&#8220; button_icon=&#8220;&#x3d;||divi||400&#8243; button_icon_color=&#8220;#0C71C3&#8243; global_colors_info=&#8220;{}&#8220;][\/et_pb_button][\/et_pb_column][\/et_pb_row][\/et_pb_section]<\/p>\n","protected":false},"excerpt":{"rendered":"<p>Ablauf, Tipps und Vereinbarungen<div class=\"et_pb_module dsm_content_timeline dsm_content_timeline_0\">\n\t\t\t\t\n\t\t\t\t\n\t\t\t\t\n\t\t\t\t\n\t\t\t\t\n\t\t\t\t\n\t\t\t\t<div class=\"et_pb_module_inner\">\n\t\t\t\t\t<div class=\"dsm-content-timeline-items-wrapper dsm-center\" data-tree-animation=\"on\" data-tree-animation-tablet=\"\" data-tree-animation-phone=\"\" data-image_lightbox=\"off\">\n\t\t\t<div class=\"dsm-content-timeline-tree\">\n\t\t\t\t<div class=\"dsm-content-timeline-tree-progress\"><\/div>\n\t\t\t<\/div>\n\t\t   \n\t\t<\/div>\n\t\t\n\t\t\t\t<\/div>\n\t\t\t<\/div><div class=\"dsm-content-timeline-item-wrapper dsm_content_timeline_child_0\">\n\t\t\t\t\n\t\t\t\t<div class=\"dsm-content-timeline-content-wrapper dsm_wrapper_dsm_content_timeline_child_0 dsm-visibility\">   \t\t\n\t\t\t\t\t\n\t\t\t\t\t\n\t\t\t\t\t\n\t\t\t\t\t<div class=\"dsm-timeline-content\">\n\t\t\t\t\t\t<h4 class=\"dsm-title\">&#8220;ABA-Sprechtag<\/h4>\n\t\t\t\t\t\t<div class=\"dsm-description\">&#8220;Im<\/div>\n\t\t\t\t\t\t\n\t\t\t\t\t\t\n\t\t\t\t\t<\/div>\t\n\t\t\t\t<\/div>\n\t\t\t\t<div class=\"dsm-pointer-wrapper\">\n\t\t\t\t\t\n\t\t\t\t\t\n\t\t\t\t<\/div>\n\t\t\t<\/div><\/p>\n","protected":false},"author":1,"featured_media":0,"parent":0,"menu_order":0,"comment_status":"closed","ping_status":"closed","template":"","meta":{"_et_pb_use_builder":"on","_et_pb_old_content":"","_et_gb_content_width":"","_price":"","_stock":"","_tribe_ticket_header":"","_tribe_default_ticket_provider":"","_ticket_start_date":"","_ticket_end_date":"","_tribe_ticket_show_description":"","_tribe_ticket_show_not_going":false,"_tribe_ticket_use_global_stock":"","_tribe_ticket_global_stock_level":"","_global_stock_mode":"","_global_stock_cap":"","_tribe_rsvp_for_event":"","_tribe_ticket_going_count":"","_tribe_ticket_not_going_count":"","_tribe_tickets_list":"[]","_tribe_ticket_has_attendee_info_fields":false,"footnotes":"","_tec_slr_enabled":"","_tec_slr_layout":""},"class_list":["post-25046","page","type-page","status-publish","hentry"],"ticketed":false,"_links":{"self":[{"href":"https:\/\/www.ahs-zirkusgasse.at\/index.php\/wp-json\/wp\/v2\/pages\/25046","targetHints":{"allow":["GET"]}}],"collection":[{"href":"https:\/\/www.ahs-zirkusgasse.at\/index.php\/wp-json\/wp\/v2\/pages"}],"about":[{"href":"https:\/\/www.ahs-zirkusgasse.at\/index.php\/wp-json\/wp\/v2\/types\/page"}],"author":[{"embeddable":true,"href":"https:\/\/www.ahs-zirkusgasse.at\/index.php\/wp-json\/wp\/v2\/users\/1"}],"replies":[{"embeddable":true,"href":"https:\/\/www.ahs-zirkusgasse.at\/index.php\/wp-json\/wp\/v2\/comments?post=25046"}],"version-history":[{"count":33,"href":"https:\/\/www.ahs-zirkusgasse.at\/index.php\/wp-json\/wp\/v2\/pages\/25046\/revisions"}],"predecessor-version":[{"id":30226,"href":"https:\/\/www.ahs-zirkusgasse.at\/index.php\/wp-json\/wp\/v2\/pages\/25046\/revisions\/30226"}],"wp:attachment":[{"href":"https:\/\/www.ahs-zirkusgasse.at\/index.php\/wp-json\/wp\/v2\/media?parent=25046"}],"curies":[{"name":"wp","href":"https:\/\/api.w.org\/{rel}","templated":true}]}}