{"id":25424,"date":"2022-06-30T19:06:19","date_gmt":"2022-06-30T17:06:19","guid":{"rendered":"http:\/\/172.20.100.6\/?page_id=25424"},"modified":"2022-09-12T14:56:33","modified_gmt":"2022-09-12T12:56:33","slug":"franzoesisch","status":"publish","type":"page","link":"https:\/\/www.ahs-zirkusgasse.at\/index.php\/franzoesisch\/","title":{"rendered":"Franz\u00f6sisch"},"content":{"rendered":"<p>[et_pb_section fb_built=&#8220;1&#8243; fullwidth=&#8220;on&#8220; _builder_version=&#8220;4.17.4&#8243; _module_preset=&#8220;default&#8220; da_disable_devices=&#8220;off|off|off&#8220; global_colors_info=&#8220;{}&#8220; da_is_popup=&#8220;off&#8220; da_exit_intent=&#8220;off&#8220; da_has_close=&#8220;on&#8220; da_alt_close=&#8220;off&#8220; da_dark_close=&#8220;off&#8220; da_not_modal=&#8220;on&#8220; da_is_singular=&#8220;off&#8220; da_with_loader=&#8220;off&#8220; da_has_shadow=&#8220;on&#8220;][et_pb_fullwidth_header title=&#8220;Franz\u00f6sisch&#8220; _builder_version=&#8220;4.17.4&#8243; _module_preset=&#8220;default&#8220; background_color=&#8220;rgba(12,113,195,0.7)&#8220; global_colors_info=&#8220;{}&#8220;][\/et_pb_fullwidth_header][\/et_pb_section][et_pb_section fb_built=&#8220;1&#8243; _builder_version=&#8220;4.17.4&#8243; _module_preset=&#8220;default&#8220; da_disable_devices=&#8220;off|off|off&#8220; global_colors_info=&#8220;{}&#8220; da_is_popup=&#8220;off&#8220; da_exit_intent=&#8220;off&#8220; da_has_close=&#8220;on&#8220; da_alt_close=&#8220;off&#8220; da_dark_close=&#8220;off&#8220; da_not_modal=&#8220;on&#8220; da_is_singular=&#8220;off&#8220; da_with_loader=&#8220;off&#8220; da_has_shadow=&#8220;on&#8220;][et_pb_row column_structure=&#8220;2_5,3_5&#8243; _builder_version=&#8220;4.17.4&#8243; _module_preset=&#8220;default&#8220; global_colors_info=&#8220;{}&#8220;][et_pb_column type=&#8220;2_5&#8243; _builder_version=&#8220;4.17.4&#8243; _module_preset=&#8220;default&#8220; global_colors_info=&#8220;{}&#8220;][et_pb_icon font_icon=&#8220;&#x77;||divi||400&#8243; icon_color=&#8220;#0C71C3&#8243; _builder_version=&#8220;4.17.4&#8243; _module_preset=&#8220;default&#8220; global_colors_info=&#8220;{}&#8220;][\/et_pb_icon][et_pb_image src=&#8220;https:\/\/www.ahs-zirkusgasse.at\/wp-content\/uploads\/2022\/06\/franz1.jpeg&#8220; alt=&#8220;franz1&#8243; title_text=&#8220;franz1&#8243; _builder_version=&#8220;4.17.4&#8243; _module_preset=&#8220;default&#8220; locked=&#8220;off&#8220; global_colors_info=&#8220;{}&#8220;][\/et_pb_image][\/et_pb_column][et_pb_column type=&#8220;3_5&#8243; _builder_version=&#8220;4.17.4&#8243; _module_preset=&#8220;default&#8220; global_colors_info=&#8220;{}&#8220;][et_pb_text _builder_version=&#8220;4.18.0&#8243; _module_preset=&#8220;default&#8220; hover_enabled=&#8220;0&#8243; locked=&#8220;off&#8220; global_colors_info=&#8220;{}&#8220; sticky_enabled=&#8220;0&#8243;]<\/p>\n<p class=\"text\">Das Fach Franz\u00f6sisch wird im GRG II Zirkusgasse im Gymnasialzweig ab der 3. Klasse unterrichtet.<\/p>\n<p>Im Franz\u00f6sischunterricht legen wir gro\u00dfen Wert auf m\u00fcndliche Kompetenzen (Alltagskommunikation) und eine gro\u00dfe Methodenvielfalt (Lieder, Spiele, Sketche, etc.).<\/p>\n<p>Nat\u00fcrlich ist es f\u00fcr eine Sprache wichtig, sich ein gutes Grammatikwissen und ein gro\u00dfes Vokabular anzueignen, was somit ein grundlegender Bestandteil des Unterrichts ist.<\/p>\n<p>Franz\u00f6sisch ist ein Schularbeitsfach und maturabel (schriftlich und\/oder m\u00fcndlich).<\/p>\n<p>Lernziele (nach 6 Jahren): \u00a0\u00a0\u00a0\u00a0\u00a0\u00a0\u00a0 Niveau B1, au\u00dfer Lesekompetenz: B2<\/p>\n<p>(laut dem gemeinsamen europ\u00e4ischen Referenzrahmen f\u00fcr Sprachen)<\/p>\n<p><a href=\"https:\/\/europass.cedefop.europa.eu\/sites\/default\/files\/cefr-de.pdf\">https:\/\/europass.cedefop.europa.eu\/sites\/default\/files\/cefr-de.pdf<\/a><\/p>\n<p>Im Franz\u00f6sischunterricht widmen wir uns nicht nur der Sprache, sondern auch der Landeskunde (Kinobesuche, K\u00e4severkostung, Frankreichreise, etc.).<\/p>\n<p>[\/et_pb_text][\/et_pb_column][\/et_pb_row][\/et_pb_section]<\/p>\n","protected":false},"excerpt":{"rendered":"<p>Das Fach Franz\u00f6sisch wird im GRG II Zirkusgasse im Gymnasialzweig ab der 3. Klasse unterrichtet. Im Franz\u00f6sischunterricht legen wir gro\u00dfen Wert auf m\u00fcndliche Kompetenzen (Alltagskommunikation) und eine gro\u00dfe Methodenvielfalt (Lieder, [&hellip;]<\/p>\n","protected":false},"author":1,"featured_media":0,"parent":0,"menu_order":0,"comment_status":"closed","ping_status":"closed","template":"","meta":{"_et_pb_use_builder":"on","_et_pb_old_content":"<!-- wp:divi\/placeholder \/-->","_et_gb_content_width":"","_price":"","_stock":"","_tribe_ticket_header":"","_tribe_default_ticket_provider":"","_ticket_start_date":"","_ticket_end_date":"","_tribe_ticket_show_description":"","_tribe_ticket_show_not_going":false,"_tribe_ticket_use_global_stock":"","_tribe_ticket_global_stock_level":"","_global_stock_mode":"","_global_stock_cap":"","_tribe_rsvp_for_event":"","_tribe_ticket_going_count":"","_tribe_ticket_not_going_count":"","_tribe_tickets_list":"[]","_tribe_ticket_has_attendee_info_fields":false,"footnotes":"","_tec_slr_enabled":"","_tec_slr_layout":""},"class_list":["post-25424","page","type-page","status-publish","hentry"],"ticketed":false,"_links":{"self":[{"href":"https:\/\/www.ahs-zirkusgasse.at\/index.php\/wp-json\/wp\/v2\/pages\/25424","targetHints":{"allow":["GET"]}}],"collection":[{"href":"https:\/\/www.ahs-zirkusgasse.at\/index.php\/wp-json\/wp\/v2\/pages"}],"about":[{"href":"https:\/\/www.ahs-zirkusgasse.at\/index.php\/wp-json\/wp\/v2\/types\/page"}],"author":[{"embeddable":true,"href":"https:\/\/www.ahs-zirkusgasse.at\/index.php\/wp-json\/wp\/v2\/users\/1"}],"replies":[{"embeddable":true,"href":"https:\/\/www.ahs-zirkusgasse.at\/index.php\/wp-json\/wp\/v2\/comments?post=25424"}],"version-history":[{"count":4,"href":"https:\/\/www.ahs-zirkusgasse.at\/index.php\/wp-json\/wp\/v2\/pages\/25424\/revisions"}],"predecessor-version":[{"id":26033,"href":"https:\/\/www.ahs-zirkusgasse.at\/index.php\/wp-json\/wp\/v2\/pages\/25424\/revisions\/26033"}],"wp:attachment":[{"href":"https:\/\/www.ahs-zirkusgasse.at\/index.php\/wp-json\/wp\/v2\/media?parent=25424"}],"curies":[{"name":"wp","href":"https:\/\/api.w.org\/{rel}","templated":true}]}}