{"id":25428,"date":"2022-06-30T19:06:45","date_gmt":"2022-06-30T17:06:45","guid":{"rendered":"http:\/\/172.20.100.6\/?page_id=25428"},"modified":"2023-09-24T20:06:18","modified_gmt":"2023-09-24T18:06:18","slug":"latein","status":"publish","type":"page","link":"https:\/\/www.ahs-zirkusgasse.at\/index.php\/latein\/","title":{"rendered":"Latein"},"content":{"rendered":"<p>[et_pb_section fb_built=&#8220;1&#8243; fullwidth=&#8220;on&#8220; _builder_version=&#8220;4.17.4&#8243; _module_preset=&#8220;default&#8220; da_disable_devices=&#8220;off|off|off&#8220; global_colors_info=&#8220;{}&#8220; da_is_popup=&#8220;off&#8220; da_exit_intent=&#8220;off&#8220; da_has_close=&#8220;on&#8220; da_alt_close=&#8220;off&#8220; da_dark_close=&#8220;off&#8220; da_not_modal=&#8220;on&#8220; da_is_singular=&#8220;off&#8220; da_with_loader=&#8220;off&#8220; da_has_shadow=&#8220;on&#8220;][et_pb_fullwidth_header title=&#8220;Latein&#8220; _builder_version=&#8220;4.17.4&#8243; _module_preset=&#8220;default&#8220; background_color=&#8220;rgba(12,113,195,0.7)&#8220; global_colors_info=&#8220;{}&#8220;][\/et_pb_fullwidth_header][\/et_pb_section][et_pb_section fb_built=&#8220;1&#8243; _builder_version=&#8220;4.17.4&#8243; _module_preset=&#8220;default&#8220; da_disable_devices=&#8220;off|off|off&#8220; global_colors_info=&#8220;{}&#8220; da_is_popup=&#8220;off&#8220; da_exit_intent=&#8220;off&#8220; da_has_close=&#8220;on&#8220; da_alt_close=&#8220;off&#8220; da_dark_close=&#8220;off&#8220; da_not_modal=&#8220;on&#8220; da_is_singular=&#8220;off&#8220; da_with_loader=&#8220;off&#8220; da_has_shadow=&#8220;on&#8220;][et_pb_row column_structure=&#8220;2_5,3_5&#8243; _builder_version=&#8220;4.17.4&#8243; _module_preset=&#8220;default&#8220; global_colors_info=&#8220;{}&#8220;][et_pb_column type=&#8220;2_5&#8243; _builder_version=&#8220;4.17.4&#8243; _module_preset=&#8220;default&#8220; global_colors_info=&#8220;{}&#8220;][et_pb_icon font_icon=&#8220;&#xf19c;||fa||900&#8243; icon_color=&#8220;#0C71C3&#8243; _builder_version=&#8220;4.17.4&#8243; _module_preset=&#8220;default&#8220; global_colors_info=&#8220;{}&#8220;][\/et_pb_icon][et_pb_image src=&#8220;https:\/\/www.ahs-zirkusgasse.at\/wp-content\/uploads\/2022\/06\/LAT.jpeg&#8220; alt=&#8220;lat&#8220; title_text=&#8220;lat&#8220; _builder_version=&#8220;4.17.4&#8243; _module_preset=&#8220;default&#8220; locked=&#8220;off&#8220; global_colors_info=&#8220;{}&#8220;][\/et_pb_image][\/et_pb_column][et_pb_column type=&#8220;3_5&#8243; _builder_version=&#8220;4.17.4&#8243; _module_preset=&#8220;default&#8220; global_colors_info=&#8220;{}&#8220;][et_pb_text _builder_version=&#8220;4.17.4&#8243; _module_preset=&#8220;default&#8220; locked=&#8220;off&#8220; global_colors_info=&#8220;{}&#8220;]<\/p>\n<p>Salvete parentes et discipuli!<\/p>\n<p>Seid gegr\u00fc\u00dft, Eltern und Sch\u00fcler*innen!<\/p>\n<p>Wie schon die Namen antiker Autoren auf der Schulfassade verraten, wird im Gymnasium Zirkusgasse schon seit seiner Gr\u00fcndung Latein unterrichtet. Und trotz dieser langen Geschichte und der alten Texte, die man im Latein-Unterricht liest \u2013 verstaubt ist hier noch lange nichts!<\/p>\n<p>Latein wird an der Zirkusgasse 4-j\u00e4hrig angeboten, wobei man in den ersten eineinhalb Jahren vor allem die Sprachbeherrschung trainiert. Danach st\u00fcrzt man sich auf das Lesen von lateinischen Original-Texten, die die Zeit von der r\u00f6mischen Antike bis heute abdecken.<span class=\"text\"><\/span><\/p>\n<p><strong>Unsere Sch\u00fcler*innen des Latein-Unterrichts lernen\u2026<\/strong><\/p>\n<ul>\n<li>das <strong>genaue und kritische Arbeiten<\/strong> an Texten und in verschiedenen Sprachen,<\/li>\n<li>die \u201e<strong>Muttersprache\u201c Latein<\/strong> von 5 gro\u00dfen europ\u00e4ischen Sprachen kennen (Italienisch, Spanisch, Franz\u00f6sisch, Portugiesisch, Rum\u00e4nisch),<\/li>\n<li>wichtige Texte der <strong>europ\u00e4ischen Geschichte und Kultur<\/strong> kennen,<\/li>\n<li>die <strong>eigene Sprache<\/strong> besser anzuwenden und zu beschreiben,<\/li>\n<li>die Bedeutung und Herkunft wichtiger <strong>Fremdw\u00f6rter<\/strong> kennen,<\/li>\n<li>eine Sprache, die bei vielen Universit\u00e4ts-Studien noch immer verlangt wird.<\/li>\n<\/ul>\n<p>&nbsp;<\/p>\n<p><strong>Nach 4 Jahren Latein-Unterricht besitzen unsere Sch\u00fcler*innen \u2026<\/strong><\/p>\n<ul>\n<li>einen umfangreichen <strong>Wortschatz<\/strong>, der in vielen Sprachen und Wissenschaften weiterlebt,<\/li>\n<li>eine breite Anzahl an <strong>Lern- und Arbeitsstrategien<\/strong>, die f\u00fcr das Erlernen neuer Sprachen und das Erschlie\u00dfen neuer Wissensgebiete benutzt werden k\u00f6nnen,<\/li>\n<li>ein umfassendes <strong>Weltwissen<\/strong>, vor allem in den Bereichen Geschichte, Politik, Philosophie und Sprache,<\/li>\n<li>die F\u00e4higkeit sich <strong>kritisch und reflektiert<\/strong> mit Ph\u00e4nomenen der Gegenwart zu besch\u00e4ftigen,<\/li>\n<li><strong>und viele sch\u00f6ne Erinnerungen<\/strong> an den Latein-Unterricht \ud83d\ude0a<\/li>\n<\/ul>\n<p>&nbsp;<\/p>\n<p>Multum gaudii \u2013 Viel Spa\u00df!<\/p>\n<p>&nbsp;<\/p>\n<p>&nbsp;<\/p>\n<p>[\/et_pb_text][\/et_pb_column][\/et_pb_row][\/et_pb_section]<\/p>\n","protected":false},"excerpt":{"rendered":"<p>Salvete parentes et discipuli! Seid gegr\u00fc\u00dft, Eltern und Sch\u00fcler*innen! Wie schon die Namen antiker Autoren auf der Schulfassade verraten, wird im Gymnasium Zirkusgasse schon seit seiner Gr\u00fcndung Latein unterrichtet. Und [&hellip;]<\/p>\n","protected":false},"author":1,"featured_media":0,"parent":0,"menu_order":0,"comment_status":"closed","ping_status":"closed","template":"","meta":{"_et_pb_use_builder":"on","_et_pb_old_content":"<!-- wp:divi\/placeholder \/-->","_et_gb_content_width":"","_price":"","_stock":"","_tribe_ticket_header":"","_tribe_default_ticket_provider":"","_ticket_start_date":"","_ticket_end_date":"","_tribe_ticket_show_description":"","_tribe_ticket_show_not_going":false,"_tribe_ticket_use_global_stock":"","_tribe_ticket_global_stock_level":"","_global_stock_mode":"","_global_stock_cap":"","_tribe_rsvp_for_event":"","_tribe_ticket_going_count":"","_tribe_ticket_not_going_count":"","_tribe_tickets_list":"[]","_tribe_ticket_has_attendee_info_fields":false,"footnotes":"","_tec_slr_enabled":"","_tec_slr_layout":""},"class_list":["post-25428","page","type-page","status-publish","hentry"],"ticketed":false,"_links":{"self":[{"href":"https:\/\/www.ahs-zirkusgasse.at\/index.php\/wp-json\/wp\/v2\/pages\/25428","targetHints":{"allow":["GET"]}}],"collection":[{"href":"https:\/\/www.ahs-zirkusgasse.at\/index.php\/wp-json\/wp\/v2\/pages"}],"about":[{"href":"https:\/\/www.ahs-zirkusgasse.at\/index.php\/wp-json\/wp\/v2\/types\/page"}],"author":[{"embeddable":true,"href":"https:\/\/www.ahs-zirkusgasse.at\/index.php\/wp-json\/wp\/v2\/users\/1"}],"replies":[{"embeddable":true,"href":"https:\/\/www.ahs-zirkusgasse.at\/index.php\/wp-json\/wp\/v2\/comments?post=25428"}],"version-history":[{"count":4,"href":"https:\/\/www.ahs-zirkusgasse.at\/index.php\/wp-json\/wp\/v2\/pages\/25428\/revisions"}],"predecessor-version":[{"id":27636,"href":"https:\/\/www.ahs-zirkusgasse.at\/index.php\/wp-json\/wp\/v2\/pages\/25428\/revisions\/27636"}],"wp:attachment":[{"href":"https:\/\/www.ahs-zirkusgasse.at\/index.php\/wp-json\/wp\/v2\/media?parent=25428"}],"curies":[{"name":"wp","href":"https:\/\/api.w.org\/{rel}","templated":true}]}}